*z - 3*w = 135. Let v be -2 + z/9*3. Suppose -5*p = -v - 12. What are the prime factors of p?
2, 3
Let o(u) = 2*u + 26. Let b be o(-13). Suppose 0 = n - 3*k - 114, -2*n + k + 223 = -b*k. What are the prime factors of n?
3, 37
Suppose -14*b = -13*b - 146. Suppose 3*m - b = 76. List the prime factors of m.
2, 37
Suppose v + 3222 = 4*x, -4*x = -3*v + 2024 - 5242. List the prime factors of x.
2, 13, 31
Let t = -69 + 57. What are the prime factors of 3 + 1 - t - -3?
19
Let q = 15 + 9. Suppose -2*d - d + q = 0. What are the prime factors of (-3)/(6/(-4))*d?
2
What are the prime factors of (-30586)/(-8) + (10/8)/(-5)?
3823
Let m(k) = k**2 + 2*k - 2. Let v be ((-18)/4)/(55/(-10) - -5). What are the prime factors of m(v)?
97
Let h be (1 + 123)*2/(-4). Let f = h + 92. Let q = -8 + f. List the prime factors of q.
2, 11
Let p = 74 + -123. Suppose 3*w - 3*d - 51 = 0, -4*w + 50 = d + 7. List the prime factors of (p/28)/((-1)/w).
3, 7
Suppose 0 = -0*z - 2*z + 16. Let c = -12 + 26. Let h = c - z. List the prime factors of h.
2, 3
Let p(z) = 112*z**2 - z - 1. List the prime factors of p(-3).
2, 5, 101
Let w = 12 - 12. Suppose -2*o - 5*a = 125 - 16, w = -5*a + 5. Let c = -40 - o. List the prime factors of c.
17
Let v = 17 - 14. Suppose -5*j - 3 = -3*i + 7, -4*i + 6 = -v*j. Let n(t) = 3*t**2 - 4*t - 1. List the prime factors of n(j).
19
Suppose -5*d + 11369 = -o, 0 = -4*d + 2*o - 5*o + 9080. List the prime factors of d.
2273
Let b be (-2)/(-5) - 882/(-45). List the prime factors of -2*(b/(-8) + 3)*-178.
2, 89
Let n(f) = -f**2 + 8*f - 5. Let j be n(7). Suppose 2*g - 141 = -j*g + 5*o, 19 = g + 2*o. List the prime factors of g.
29
Let c = -140 - -369. Suppose 178 = 4*m - m + 5*t, 0 = 4*m + 5*t - c. What are the prime factors of m?
3, 17
Let r = 333 + -121. What are the prime factors of r?
2, 53
Suppose -5*z = -0*z + 70. List the prime factors of 12*2 + z/7.
2, 11
Let p = -1486 - -1953. List the prime factors of p.
467
Suppose 7*k - 8*k + 16 = 0. Suppose -4*i - k = -s, -1 + 25 = s + 4*i. Suppose -s*c + 10 = -19*c. List the prime factors of c.
2, 5
Suppose 0*w + w - 11 = 0. Let t = 82 - w. List the prime factors of t.
71
Let j = 477 + -256. List the prime factors of j.
13, 17
Let n(l) = l**2 + l - 1. Let q be n(-3). Suppose 2 = -q*f + 17. List the prime factors of 8/f - (-6)/18.
3
Let v be (4/6)/((-12)/(-54)). Let x be 3 + 120/v + 0. Let t = 62 - x. What are the prime factors of t?
19
Let m(u) = -u**2 - 5*u - 1. Let v be m(-4). Let j be 1/(-4) + (-137)/(-4). Suppose 109 - j = v*b. List the prime factors of b.
5
Suppose -2*t = t + 3*r + 9, -r = 2*t + 5. What are the prime factors of (t - (2 - 2)) + (-25)/(-1)?
23
List the prime factors of 2*(-5 + 343/14).
3, 13
Suppose 0 = -10*k + 1011 + 979. List the prime factors of k.
199
Let n = -18 + 18. Suppose n = -8*k + k + 140. List the prime factors of k.
2, 5
What are the prime factors of ((-9 - -2663)*(-9)/(-6))/1?
3, 1327
Let j be (1 + -7)*210/28. Let p = j + 80. What are the prime factors of p?
5, 7
Suppose 0 = -481*i + 477*i + 184. What are the prime factors of i?
2, 23
Let b(c) = 9*c**2 + 4*c - 3. Let k be b(2). Suppose -62 = 39*w - k*w. List the prime factors of w.
31
Let b = 31 - 40. Let c(i) = i**2 + 3*i + 7. What are the prime factors of c(b)?
61
Let v be -3*1*15/(-9). Suppose d - 10 = -2*o, 0*d + 2*d + 2*o - 14 = 0. Suppose 0 = -3*x + d*j + 42, 0*j + v*j = 0. What are the prime factors of x?
2, 7
What are the prime factors of (-12)/(-21) + 63193/91?
5, 139
Let d(g) = 10*g - 5*g**3 + 6*g**2 + g**2 + 4*g**3. List the prime factors of d(8).
2
Let h(z) = -4*z**3 - z + 5 + z**3 + 2*z**3. Let p be h(0). Suppose -p*m + f + 253 = 0, -4*m - f = 4*f - 185. What are the prime factors of m?
2, 5
Suppose -4*h = -2*a + 984, 7*a - 3*h - 2481 = 2*a. List the prime factors of a.
2, 3, 83
Suppose -4*c + 4 - 6 = -2*z, -11 = -3*z + 4*c. List the prime factors of ((500/12)/(-5))/((-1)/z).
3, 5
Suppose 3*p = 8*p + 3*t - 2904, 0 = p + 3*t - 576. What are the prime factors of p?
2, 3, 97
Let d = -23 - -18. Let b be 2/d - 128/(-20). Suppose b*t - 60 = 4*t. List the prime factors of t.
2, 3, 5
Let g(n) = -267*n - 142. List the prime factors of g(-6).
2, 5, 73
Let j be 3/(-48)*-4 - (-177)/12. List the prime factors of -2 + (-2)/15 + 887/j.
3, 19
Let o = -1451 - -2495. List the prime factors of o.
2, 3, 29
Let i = -1 + 4. Suppose -5*t = 4*f - 20, -13 = -4*t + i. Suppose -3*b - 3*x = -f*b - 27, 4*b - x = 26. What are the prime factors of b?
7
Let l be (-1548)/28 + 16/56. Let r(a) = a**2 - 4*a + 6. Let j be r(4). What are the prime factors of 20/j*(-693)/l?
2, 3, 7
Let k(i) = i**3 - i**2 - 3*i - 1. Let c be k(-3). Let z be (-288)/(-56)*c/(-6). Suppose 0 = 4*w - 44 - z. What are the prime factors of w?
17
Suppose 11*g = 5*g - 54. Let h be 2/g - 40/(-18). Suppose 4*z + 2*m = 170, h*z + 2*m = -m + 95. What are the prime factors of z?
2, 5
Let d(s) = 7*s**2 - 17*s + 37. What are the prime factors of d(10)?
3, 7
Let d be 1/(2/(-6)*-1). Suppose 87 = j + d. Suppose 5*s + 2*o = 87 + 34, -j = -3*s - 5*o. What are the prime factors of s?
23
Suppose -4*k = 3*h - 18, h + h - 12 = -4*k. Let w(f) = -f**2 + 16*f - 13. Let g be w(15). What are the prime factors of (h + -26)/(g/(-3))?
2, 3, 5
Suppose -4 + 0 = 4*y. What are the prime factors of 1995/35*(y/1)/(-3)?
19
Suppose 11 = 2*f + 1. Suppose -5*q = -5*m + 475, 0 = m + 4*q - 85 - f. List the prime factors of m.
2, 47
Suppose -2*y - 23604 = -9*y. Suppose -y + 627 = -9*n. What are the prime factors of n?
5, 61
Suppose -3*z - 378 = -6*z. Let o = z + 78. List the prime factors of o.
2, 3, 17
Suppose l + 0 = 5*u + 41, 5*l + u - 335 = 0. List the prime factors of l.
2, 3, 11
Suppose 2*w + 12 = 4*z, 0*z + z - 5*w - 3 = 0. Suppose -10*g - z*g + 1846 = 0. List the prime factors of g.
2, 71
Suppose 0 = -207*k + 202*k + 3670. What are the prime factors of k?
2, 367
List the prime factors of (-3784)/(-6) - (-37)/111.
631
Suppose 23*z - 10646 = -825. List the prime factors of z.
7, 61
List the prime factors of (292/(-3))/(74/(-1221)).
2, 11, 73
Let u(f) = 5*f - 5. Let t be u(-5). What are the prime factors of (-1)/((-49)/(-14)) + t/(-7)?
2
Let n(k) = -1139*k + 15. List the prime factors of n(-1).
2, 577
Let g(d) = -4*d - 47. Let j be g(-13). What are the prime factors of 2 + -1 + j + 224?
2, 5, 23
Suppose 0 = 76*a + 2*a - 304824. List the prime factors of a.
2, 977
Let c = 2940 + -1295. List the prime factors of c.
5, 7, 47
Let f(x) = -4*x**3 - 14*x**2 + 5*x + 5. Let n be f(-6). Let l = n - 224. What are the prime factors of l?
3, 37
Let x(d) = d**3 + d**2 - 6. Let m be 0/((-1 - -1) + 2). Let i be x(m). Let u = -2 - i. What are the prime factors of u?
2
Suppose -4*j = -0*j, 3*m - 4*j - 6 = 0. Suppose y + m - 6 = 0. List the prime factors of 1/((-2)/(-232)*y).
29
Let s(u) = -2*u**2 + 11*u - 29. Let v(p) = 3*p**2 - 16*p + 44. Let a(m) = 8*s(m) + 5*v(m). Let r be a(11). Let i = -21 - r. List the prime factors of i.
2, 3
Let q(d) be the first derivative of -42*d**2 + 2*d - 9. List the prime factors of q(-1).
2, 43
Suppose 3*h + 20 = -19. Let o = -19 - h. Let t(c) = -c + 10. List the prime factors of t(o).
2
What are the prime factors of 2*482 - (-6 - -9 - -3)?
2, 479
Let w be (3 + -2)/(157/79 - 2). Let u(n) = -5*n**3 - 1. Let m be u(-3). Let v = m + w. What are the prime factors of v?
5, 11
Let m(s) = 9*s + 143. Let a(x) = 18*x + 286. Let q(f) = 3*a(f) - 5*m(f). List the prime factors of q(0).
11, 13
What are the prime factors of (-50)/4*(2 - (-124)/(-10))?
2, 5, 13
Let o = 22 + -25. List the prime factors of -74*o/12*2.
37
Let j be (9/(-6))/((-2)/(-8)). Let a = -4 - j. Suppose -a*s + 130 = 5*w + 10, 2*w - 47 = -s. What are the prime factors of w?
2, 13
Let p(m) = -m**3 - 3*m**2 - 9*m + 1. Let w be p(-7). Suppose w = 3*z + 5*r, 0 = 2*z - 2*r - 80 - 88. List the prime factors of z.
5, 17
Suppose 0*g - 6 = -3*g. Suppose -2*y = g*y - 64. List the prime factors of y.
2
Let w(d) = d + 5. Let z be w(-5). Suppose z = g + 2*g - 12. List the prime factors of (-8)/12*(-138)/g.
23
Suppose 3*f - 4420 = -17*f. List the prime factors of f.
13, 17
Let x = 3381 - 1576. List the prime factors of x.
5, 19
Suppose 5*k - 4*v - 17 - 33 = 0, -5*v = 0. List the prime factors of 1546/k + 8/20.
5, 31
Suppose 15*r - 2061 - 32529 = 0. What are t